4600523 prime?
False
Is 968748719 a composite number?
False
Is 302007317 prime?
True
Is 445410299 prime?
True
Is 135565483103 a prime number?
False
Is 82612531907 prime?
True
Is 5818190021 a prime number?
False
Is 13799195591 a prime number?
True
Is 19236988283 a prime number?
True
Is 2872167299 prime?
True
Is 1791149867 prime?
False
Is 52318697 a prime number?
False
Is 25155323 prime?
True
Is 36806569019 prime?
False
Is 129167894605 composite?
True
Is 1746318019 composite?
False
Is 2690886923 a prime number?
True
Is 6646091899 prime?
False
Is 42156971427 a prime number?
False
Is 3227747629 a composite number?
True
Is 4031323337 prime?
False
Is 9339564187 a prime number?
True
Is 126397507703 composite?
False
Is 2271092039 a composite number?
True
Is 2651668991 prime?
True
Is 133536857 a composite number?
False
Is 12185686923 composite?
True
Is 279911758297 a composite number?
False
Is 139490249 a composite number?
True
Is 695112109 composite?
False
Is 3596190817 a prime number?
False
Is 3408517633 a composite number?
False
Is 4390211249 composite?
False
Is 12471383129 a composite number?
True
Is 251024129 prime?
True
Is 36236918779 a composite number?
True
Is 84894204007 a composite number?
False
Is 438077359 prime?
True
Is 251069882053 a composite number?
False
Is 1992529879 a composite number?
False
Is 1911765281 prime?
True
Is 4469003821 a composite number?
False
Is 3505823003 prime?
False
Is 121448550745 a prime number?
False
Is 1439897023 a composite number?
True
Is 24250455179 composite?
True
Is 99618993895 composite?
True
Is 48535225829 prime?
False
Is 1629956689 composite?
False
Is 36136153 a composite number?
False
Is 390141637 a prime number?
True
Is 93114397351 a composite number?
False
Is 2394212417 composite?
True
Is 70172203 composite?
True
Is 1069077754 composite?
True
Is 22280398333 prime?
False
Is 2348876039 composite?
False
Is 734460359 a prime number?
True
Is 3585188729 a prime number?
False
Is 12616973482 a composite number?
True
Is 1405058183 a composite number?
False
Is 16741377391 composite?
True
Is 500092699 prime?
False
Is 56059754027 a prime number?
True
Is 2802006139 prime?
True
Is 80478781261 a composite number?
False
Is 6147516587 a composite number?
True
Is 817957015 composite?
True
Is 24132247361 composite?
False
Is 6831581131 a prime number?
True
Is 2272165783 prime?
True
Is 3525837697 composite?
True
Is 20416232209 composite?
False
Is 653518406 prime?
False
Is 30101027783 a composite number?
True
Is 362195893 composite?
True
Is 6996269963 a composite number?
False
Is 1421640307 composite?
True
Is 1994300263 a prime number?
True
Is 726186823 prime?
True
Is 390570493 a composite number?
False
Is 12916608613 a composite number?
True
Is 47638122991 prime?
True
Is 566806577 prime?
False
Is 654141599 composite?
True
Is 1379253091 a composite number?
False
Is 5203277146 a composite number?
True
Is 213013871 a composite number?
True
Is 3732308781 a composite number?
True
Is 8144116363 prime?
True
Is 37367987141 a prime number?
True
Is 1235066873 a composite number?
False
Is 34385646871 prime?
False
Is 82370723 prime?
False
Is 6849336647 a prime number?
True
Is 12310271629 prime?
True
Is 87955792721 prime?
True
Is 2866832467 prime?
False
Is 1194578863 prime?
True
Is 816028649 a prime number?
True
Is 14568182789 a composite number?
False
Is 256331417 a composite number?
False
Is 1866153551 a composite number?
True
Is 78787932779 composite?
True
Is 2908355039 a prime number?
False
Is 2031372221 prime?
True
Is 3053410027 a prime number?
False
Is 282816553 prime?
False
Is 525197383 composite?
True
Is 3137865317 prime?
True
Is 2363571061 composite?
True
Is 1997073607 composite?
False
Is 408607261 composite?
False
Is 896790467 a composite number?
False
Is 115308903019 composite?
False
Is 2298357395 prime?
False
Is 34272738959 prime?
True
Is 15232832663 prime?
True
Is 37527591593 prime?
True
Is 36692033779 prime?
True
Is 12183684133 prime?
False
Is 699126667 a composite number?
False
Is 15783766829 composite?
True
Is 582431326 a composite number?
True
Is 6295159573 prime?
False
Is 878807539 composite?
False
Is 46199092759 a composite number?
False
Is 431723839 a composite number?
False
Is 24691075685 a prime number?
False
Is 72273205943 a composite number?
False
Is 24697046383 composite?
False
Is 87446425533 prime?
False
Is 33653973311 a composite number?
True
Is 1902284467 composite?
True
Is 193302079 a prime number?
False
Is 64751096381 prime?
True
Is 22293481291 prime?
True
Is 739563499 composite?
False
Is 297275905 a prime number?
False
Is 35929396993 prime?
False
Is 458814961 a composite number?
True
Is 13042764167 a prime number?
False
Is 584755098913 a prime number?
True
Is 8089680743 prime?
True
Is 151185805 a prime number?
False
Is 15391715721 a prime number?
False
Is 181716067369 prime?
False
Is 6416296309 composite?
True
Is 882523637 composite?
True
Is 275160133 a composite number?
True
Is 33086513209 prime?
True
Is 21707176441 prime?
True
Is 166314119 a composite number?
True
Is 41168635723 a prime number?
True
Is 6600297241 composite?
False
Is 36528176273 prime?
False
Is 77848563311 a prime number?
False
Is 14025794683 a composite number?
True
Is 2444649121 a composite number?
False
Is 23224008077 prime?
True
Is 2399694919 prime?
True
Is 7963034087 a prime number?
False
Is 23915167609 a composite number?
False
Is 83209572227 a composite number?
False
Is 419531773 composite?
True
Is 3612618733 prime?
False
Is 8166522719 composite?
True
Is 55035841 composite?
True
Is 4231427 composite?
False
Is 1120554073 composite?
False
Is 28146020321 prime?
True
Is 211868243 prime?
True
Is 33846882995 prime?
False
Is 6138919091 a prime number?
False
Is 28716806159 prime?
True
Is 1166969785 prime?
False
Is 4635728857 prime?
True
Is 276475643 a composite number?
True
Is 5412784985 a prime number?
False
Is 729280351 a composite number?
True
Is 150782579 a prime number?
False
Is 7005172333 a composite number?
True
Is 9615569861 composite?
False
Is 41924361133 a prime number?
True
Is 635476559 prime?
True
Is 27591149 composite?
True
Is 961443971 a prime number?
True
Is 958246559 a prime number?
True
Is 252464558303 a composite number?
True
Is 35220709981 a prime number?
True
Is 189184909 a prime number?
False
Is 2872754861 prime?
True
Is 1156939297 composite?
False
Is 223795841 prime?
True
Is 7899822661 a prime number?
False
Is 6670778353 a prime number?
False
Is 73221167377 composite?
False
Is 137808737 a prime number?
False
Is 52406652274 composite?
True
Is 2032291915 a composite number?
True
Is 1190534729 prime?
True
Is 84486247 composite?
False
Is 92392649357 prime?
True
Is 6026786797 prime?
False
Is 28997739257 composite?
True
Is 12249419927 a prime number?
True
Is 868366559 prime?
True
Is 7750182793 prime?
True
Is 574214215 a composite number?
True
Is 7479304753 a composite number?
True
Is 12210351493 a prime number?
True
Is 33594452423 a composite number?
True
Is 8593465043 a prime number?
False
Is 8858788027 a prime number?
False
Is 38323098353 composite?
False
Is 22800382537 prime?
False
Is 7546078567 a prime number?
True
Is 80158619 a prime number?
True
Is 1451779561 composite?
False
Is 15091559911 composite?
True
Is 27371821385 prime?
False
Is 5737014302 a prime number?
False
Is 22040518559 composite?
False
Is 13629463319 a prime number?
True
Is 55828913233 a composite number?
True
Is 58239069061 a composite number?
True
Is 95270995151 composite?
False
Is 1273014917 a composite number?
True
Is 8493095419 a prime number?
True
Is 19597447223 composite?
True
Is 2306387495 a composite number?
True
Is 13591744003 a composite number?
True
Is 1166709097 a prime number?
False
Is 21324576239 a composite number?
False
Is 7254185459 a composite number?
False
Is 214094563 prime?
True
Is 24739249 a prime number?
False
Is 624552161 composite?
False
Is 92547410129 composite?
True
Is 1703099647 a composite number?
False
Is 2695270723 a composite number?
False
Is 822244073 prime?
False
Is 264511301051 composite?
True
Is 121777547 composite?
False
Is 338966651 a composite number?
True
Is 25368713 composite?
False
Is 1283281939 prime?
True
Is 498319721 prime?
True
Is 78441443551 a prime number?
False
Is 12503000371 a composite number?
Tr